igit of 12373?
3
What is the hundreds digit of 31358?
3
What is the thousands digit of 146096?
6
What is the thousands digit of 1823?
1
What is the units digit of 641?
1
What is the tens digit of 649?
4
What is the thousands digit of 6245?
6
What is the tens digit of 755?
5
What is the units digit of 55550?
0
What is the ten thousands digit of 26296?
2
What is the units digit of 13193?
3
What is the tens digit of 1714?
1
What is the tens digit of 72991?
9
What is the units digit of 8513?
3
What is the ten thousands digit of 16343?
1
What is the units digit of 7572?
2
What is the hundreds digit of 1608?
6
What is the units digit of 509?
9
What is the ten thousands digit of 32382?
3
What is the tens digit of 772?
7
What is the thousands digit of 48772?
8
What is the units digit of 7?
7
What is the hundreds digit of 1124?
1
What is the thousands digit of 10117?
0
What is the ten thousands digit of 104997?
0
What is the tens digit of 704?
0
What is the ten thousands digit of 18720?
1
What is the ten thousands digit of 44819?
4
What is the ten thousands digit of 12227?
1
What is the thousands digit of 90601?
0
What is the tens digit of 8086?
8
What is the hundreds digit of 3748?
7
What is the thousands digit of 9198?
9
What is the ten thousands digit of 11677?
1
What is the units digit of 4814?
4
What is the hundreds digit of 655?
6
What is the hundreds digit of 794?
7
What is the hundreds digit of 279?
2
What is the tens digit of 6527?
2
What is the tens digit of 22789?
8
What is the hundreds digit of 666?
6
What is the hundreds digit of 246?
2
What is the hundreds digit of 1232?
2
What is the units digit of 668?
8
What is the thousands digit of 1838?
1
What is the units digit of 1743?
3
What is the tens digit of 2380?
8
What is the tens digit of 52617?
1
What is the units digit of 4262?
2
What is the thousands digit of 2190?
2
What is the tens digit of 43819?
1
What is the tens digit of 62353?
5
What is the thousands digit of 30192?
0
What is the tens digit of 713?
1
What is the ten thousands digit of 55699?
5
What is the tens digit of 122373?
7
What is the units digit of 4456?
6
What is the hundreds digit of 902?
9
What is the units digit of 89?
9
What is the hundreds digit of 1007?
0
What is the tens digit of 94?
9
What is the units digit of 2764?
4
What is the hundreds digit of 56376?
3
What is the ten thousands digit of 99048?
9
What is the thousands digit of 8569?
8
What is the hundreds digit of 10268?
2
What is the thousands digit of 2089?
2
What is the thousands digit of 3578?
3
What is the tens digit of 3996?
9
What is the thousands digit of 26351?
6
What is the tens digit of 39210?
1
What is the units digit of 196?
6
What is the tens digit of 13749?
4
What is the thousands digit of 37656?
7
What is the units digit of 1645?
5
What is the hundreds digit of 485?
4
What is the hundreds digit of 801?
8
What is the hundreds digit of 373?
3
What is the thousands digit of 5321?
5
What is the thousands digit of 10425?
0
What is the hundreds digit of 4428?
4
What is the tens digit of 2322?
2
What is the thousands digit of 17866?
7
What is the units digit of 687?
7
What is the units digit of 1443?
3
What is the ten thousands digit of 67799?
6
What is the ten thousands digit of 43944?
4
What is the units digit of 1070?
0
What is the tens digit of 1359?
5
What is the units digit of 1457?
7
What is the hundreds digit of 5289?
2
What is the ten thousands digit of 146109?
4
What is the thousands digit of 2195?
2
What is the ten thousands digit of 70532?
7
What is the units digit of 35551?
1
What is the hundreds digit of 10172?
1
What is the tens digit of 485?
8
What is the thousands digit of 6870?
6
What is the tens digit of 29?
2
What is the thousands digit of 22615?
2
What is the hundreds digit of 449?
4
What is the tens digit of 43306?
0
What is the hundreds digit of 1914?
9
What is the units digit of 1949?
9
What is the tens digit of 130768?
6
What is the units digit of 73450?
0
What is the units digit of 1994?
4
What is the ten thousands digit of 146929?
4
What is the tens digit of 10438?
3
What is the tens digit of 8480?
8
What is the thousands digit of 3469?
3
What is the units digit of 1671?
1
What is the tens digit of 26828?
2
What is the tens digit of 3346?
4
What is the units digit of 1391?
1
What is the tens digit of 2472?
7
What is the hundreds digit of 5146?
1
What is the thousands digit of 1094?
1
What is the thousands digit of 1133?
1
What is the hundreds digit of 43747?
7
What is the hundreds digit of 795?
7
What is the thousands digit of 6053?
6
What is the thousands digit of 30819?
0
What is the ten thousands digit of 40079?
4
What is the hundreds digit of 5131?
1
What is the tens digit of 54?
5
What is the tens digit of 2514?
1
What is the units digit of 326?
6
What is the units digit of 189271?
1
What is the thousands digit of 43781?
3
What is the tens digit of 6495?
9
What is the tens digit of 8130?
3
What is the hundreds digit of 10526?
5
What is the units digit of 40710?
0
What is the tens digit of 29766?
6
What is the tens digit of 10698?
9
What is the tens digit of 1422?
2
What is the tens digit of 218?
1
What is the tens digit of 2940?
4
What is the tens digit of 75736?
3
What is the hundreds digit of 24893?
8
What is the tens digit of 39714?
1
What is the units digit of 48014?
4
What is the hundreds digit of 18874?
8
What is the hundreds digit of 2115?
1
What is the units digit of 6689?
9
What is the hundreds digit of 1934?
9
What is the thousands digit of 23815?
3
What is the hundreds digit of 1236?
2
What is the thousands digit of 7041?
7
What is the tens digit of 1239?
3
What is the thousands digit of 23750?
3
What is the ten thousands digit of 17183?
1
What is the hundreds digit of 6492?
4
What is the units digit of 23593?
3
What is the tens digit of 71686?
8
What is the tens digit of 98514?
1
What is the units digit of 3355?
5
What is the tens digit of 15093?
9
What is the thousands digit of 23664?
3
What is the tens digit of 1320?
2
What is the units digit of 15823?
3
What is the units digit of 13438?
8
What is the tens digit of 36800?
0
What is the ten thousands digit of 44112?
4
What is the units digit of 33901?
1
What is the hundreds digit of 2778?
7
What is the hundreds digit of 329?
3
What is the hundreds digit of 672?
6
What is the units digit of 1977?
7
What is the thousands digit of 7845?
7
What is the units digit of 6262?
2
What is the hundreds digit of 6379?
3
What is the hundreds digit of 86447?
4
What is the thousands digit of 2468?
2
What is the hundreds digit of 240?
2
What is the tens digit of 11881?
8
What is the units digit of 35347?
7
What is the units digit of 13516?
6
What is the hundreds digit of 1531?
5
What is the hundreds digit of 39972?
9
What is the thousands digit of 2998?
2
What is the ten thousands digit of 56811?
5
What is the thousands digit of 5425?
5
What is the units digit of 41318?
8
What is the units digit of 52645?
5
What is the thousands digit of 55213?
5
What is the hundreds digit of 35809?
8
What is the tens digit of 6292?
9
What is the hundreds digit of 2969?
9
What is the hundreds digit of 5491?
4
What is the thousands digit of 54003?
4
What is the units digit of 472?
2
What is the hundreds digit of 559?
5
What is the thousands digit of 1620?
1
What is the units digit of 1234?
4
What is the tens digit of 934?
3
What is the tens digit of 8924?
2
What is the hundreds digit of 1747?
7
What is the hundreds digit of 822?
8
What is the tens digit of 128852?
5
What is the hundreds digit of 62489?
4
What is the thousands digit of 43508?
3
What is the tens digit of 453?
5
What is the hundreds digit of 550?
5
What is the units digit of 58542?
2
What is the tens digit of 662?
6
What is the tens digit of 841?
4
What is the hundreds digit of 1236?
2
What is the tens digit of 636?
3
What is the units digit of 61606?
6
What is the units digit of 9068?
8
What is the units digit of 47?
7
What is the tens digit of 13802?
0
What is the tens digit of 2746?
4
What is the units digit of 3565?
5
What is the ten thousands digit of 18188?
1
What is the hundreds digit of 4931?
9
What is the tens digit of 162?
6
What is the tens digit of 17?
1
What is the hundreds digit of 5074?
0
What is the hundred